{"id":5953,"date":"2023-01-18T07:58:39","date_gmt":"2023-01-18T07:58:39","guid":{"rendered":"https:\/\/procjenitelji.me\/dt_team\/tanja-vucetic-dipl-ing-mas\/"},"modified":"2025-04-07T11:10:07","modified_gmt":"2025-04-07T11:10:07","slug":"tanja-vucetic","status":"publish","type":"dt_team","link":"https:\/\/procjenitelji.me\/tr\/dt_team\/tanja-vucetic\/","title":{"rendered":"Tanja Vu\u010deti\u0107"},"content":{"rendered":"<div class=\"moz-text-html\" lang=\"x-unicode\">\n<div dir=\"auto\">\n<div dir=\"auto\"><img decoding=\"async\" loading=\"lazy\" class=\"size-medium wp-image-4790 alignleft\" src=\"https:\/\/procjenitelji.me\/wp-content\/uploads\/2023\/01\/IMG-e6f9e6449d783daf864a1a8331b360e2-V-243x300.jpg\" alt=\"\" width=\"243\" height=\"300\" srcset=\"https:\/\/procjenitelji.me\/wp-content\/uploads\/2023\/01\/IMG-e6f9e6449d783daf864a1a8331b360e2-V-243x300.jpg 243w, https:\/\/procjenitelji.me\/wp-content\/uploads\/2023\/01\/IMG-e6f9e6449d783daf864a1a8331b360e2-V-830x1024.jpg 830w, https:\/\/procjenitelji.me\/wp-content\/uploads\/2023\/01\/IMG-e6f9e6449d783daf864a1a8331b360e2-V-768x947.jpg 768w, https:\/\/procjenitelji.me\/wp-content\/uploads\/2023\/01\/IMG-e6f9e6449d783daf864a1a8331b360e2-V.jpg 1170w\" sizes=\"(max-width: 243px) 100vw, 243px\" \/><\/div>\n<p>&nbsp;<\/p>\n<p>&nbsp;<\/p>\n<ul>\n<li>Karada\u011f De\u011ferleme ve Bilirki\u015fi Odas\u0131 taraf\u0131ndan Yetkili Ta\u015f\u0131nmaz De\u011ferleme Uzman\u0131 ve Yetkili Tesisi ve Ekipman De\u011ferleme Uzman\u0131;<\/li>\n<li>Makine m\u00fchendisli\u011fi alan\u0131nda Adli Bilirki\u015fi, Karada\u011f Adalet Bakanl\u0131\u011f\u0131&#8217;n\u0131n <strong data-start=\"240\" data-end=\"258\">03-746-7903\/18<\/strong> numaral\u0131 lisans\u0131 ile <strong data-start=\"280\" data-end=\"299\">26 Haziran 2018<\/strong> tarihli;<\/li>\n<li>Karada\u011f S\u00fcrd\u00fcr\u00fclebilir Kalk\u0131nma ve Turizm Bakanl\u0131\u011f\u0131 taraf\u0131ndan verilen, teknik dok\u00fcmantasyon haz\u0131rlama ve yap\u0131 in\u015fa etme faaliyetlerini y\u00fcr\u00fctme yetkisi \u2013 Karada\u011f Bakanl\u0131\u011f\u0131&#8217;ndan <strong data-start=\"488\" data-end=\"502\">30.06.2020<\/strong> tarihli <strong data-start=\"511\" data-end=\"530\">UPI 072\/7-331\/2<\/strong> numaral\u0131 Karar.<\/li>\n<\/ul>\n<\/div>\n<\/div>\n","protected":false},"excerpt":{"rendered":"<p>Yetkili Ta\u015f\u0131nmaz, Tesisi ve Ekipman De\u011ferleme Uzman\u0131<\/p>\n","protected":false},"featured_media":5955,"comment_status":"closed","ping_status":"closed","template":"","dt_team_category":[],"_links":{"self":[{"href":"https:\/\/procjenitelji.me\/tr\/wp-json\/wp\/v2\/dt_team\/5953"}],"collection":[{"href":"https:\/\/procjenitelji.me\/tr\/wp-json\/wp\/v2\/dt_team"}],"about":[{"href":"https:\/\/procjenitelji.me\/tr\/wp-json\/wp\/v2\/types\/dt_team"}],"replies":[{"embeddable":true,"href":"https:\/\/procjenitelji.me\/tr\/wp-json\/wp\/v2\/comments?post=5953"}],"wp:featuredmedia":[{"embeddable":true,"href":"https:\/\/procjenitelji.me\/tr\/wp-json\/wp\/v2\/media\/5955"}],"wp:attachment":[{"href":"https:\/\/procjenitelji.me\/tr\/wp-json\/wp\/v2\/media?parent=5953"}],"wp:term":[{"taxonomy":"dt_team_category","embeddable":true,"href":"https:\/\/procjenitelji.me\/tr\/wp-json\/wp\/v2\/dt_team_category?post=5953"}],"curies":[{"name":"wp","href":"https:\/\/api.w.org\/{rel}","templated":true}]}}

Tanja Vučetić

<div class="moz-text-html" lang="x-unicode">
<div dir="auto">
<div dir="auto"><img decoding="async" loading="lazy" class="size-medium wp-image-4790 alignleft" src="https://procjenitelji.me/wp-content/uploads/2023/01/IMG-e6f9e6449d783daf864a1a8331b360e2-V-243x300.jpg" alt="" width="243" height="300" srcset="https://procjenitelji.me/wp-content/uploads/2023/01/IMG-e6f9e6449d783daf864a1a8331b360e2-V-243x300.jpg 243w, https://procjenitelji.me/wp-content/uploads/2023/01/IMG-e6f9e6449d783daf864a1a8331b360e2-V-830x1024.jpg 830w, https://procjenitelji.me/wp-content/uploads/2023/01/IMG-e6f9e6449d783daf864a1a8331b360e2-V-768x947.jpg 768w, https://procjenitelji.me/wp-content/uploads/2023/01/IMG-e6f9e6449d783daf864a1a8331b360e2-V.jpg 1170w" sizes="(max-width: 243px) 100vw, 243px" /></div>
<p>&nbsp;</p>
<p>&nbsp;</p>
<ul>
<li>Karadağ Değerleme ve Bilirkişi Odası tarafından Yetkili Taşınmaz Değerleme Uzmanı ve Yetkili Tesisi ve Ekipman Değerleme Uzmanı;</li>
<li>Makine mühendisliği alanında Adli Bilirkişi, Karadağ Adalet Bakanlığı&#8217;nın <strong data-start="240" data-end="258">03-746-7903/18</strong> numaralı lisansı ile <strong data-start="280" data-end="299">26 Haziran 2018</strong> tarihli;</li>
<li>Karadağ Sürdürülebilir Kalkınma ve Turizm Bakanlığı tarafından verilen, teknik dokümantasyon hazırlama ve yapı inşa etme faaliyetlerini yürütme yetkisi – Karadağ Bakanlığı&#8217;ndan <strong data-start="488" data-end="502">30.06.2020</strong> tarihli <strong data-start="511" data-end="530">UPI 072/7-331/2</strong> numaralı Karar.</li>
</ul>
</div>
</div>

<p>Yetkili Taşınmaz, Tesisi ve Ekipman Değerleme Uzmanı</p>
