{"id":5660,"date":"2023-10-05T11:42:06","date_gmt":"2023-10-05T11:42:06","guid":{"rendered":"https:\/\/procjenitelji.me\/drugi-o-nama-2\/"},"modified":"2025-04-04T07:34:42","modified_gmt":"2025-04-04T07:34:42","slug":"hakkimizda-digerleri","status":"publish","type":"page","link":"https:\/\/procjenitelji.me\/tr\/hakkimizda-digerleri\/","title":{"rendered":"Hakk\u0131m\u0131zda di\u011ferleri"},"content":{"rendered":"<section class=\"wpb-content-wrapper\"><p>[vc_row][vc_column width=&#8221;1\/2&#8243;][vc_video link=&#8221;https:\/\/youtu.be\/kigwt7_25_8?si=d3SB8Mu2tCoM0q4G&#8221; align=&#8221;center&#8221; title=&#8221;28.09.2023.&#8221;][vc_empty_space][vc_empty_space][\/vc_column][vc_column width=&#8221;1\/2&#8243;][vc_empty_space][vc_empty_space height=&#8221;22px&#8221;][vc_column_text]<\/p>\n<p class=\"\" style=\"text-align: justify;\" data-start=\"0\" data-end=\"178\">Prof. Dr. Slavko Rako\u010devi\u0107, Karada\u011f De\u011ferleme Uzmanlar\u0131 ve Adli Bilirki\u015filer Odas\u0131 (KPSVCG) Y\u00f6netim Kurulu Ba\u015fkan\u0131, 25.09.2023 tarihinde RTV Nik\u0161i\u0107 sabah program\u0131na konuk oldu.<\/p>\n<p class=\"\" style=\"text-align: justify;\" data-start=\"180\" data-end=\"210\">Ele al\u0131nan konular \u015funlard\u0131:<\/p>\n<ul data-start=\"212\" data-end=\"573\" data-is-last-node=\"\" data-is-only-node=\"\">\n<li class=\"\" style=\"text-align: justify;\" data-start=\"212\" data-end=\"384\">\n<p class=\"\" data-start=\"214\" data-end=\"384\">Karada\u011f De\u011ferleme Uzmanlar\u0131 ve Adli Bilirki\u015filer Odas\u0131\u2019n\u0131n maddi ve maddi olmayan varl\u0131klar\u0131n de\u011ferleme uzmanlar\u0131n\u0131n e\u011fitimi ve sertifikasyonu konusundaki faaliyetleri,<\/p>\n<\/li>\n<li class=\"\" style=\"text-align: justify;\" data-start=\"385\" data-end=\"442\">\n<p class=\"\" data-start=\"387\" data-end=\"442\">IVSC Uluslararas\u0131 De\u011ferleme Standartlar\u0131n\u0131n \u00e7evirisi,<\/p>\n<\/li>\n<li class=\"\" style=\"text-align: justify;\" data-start=\"443\" data-end=\"472\">\n<p class=\"\" data-start=\"445\" data-end=\"472\">\u00dcyelerin s\u00fcrekli e\u011fitimi,<\/p>\n<\/li>\n<li class=\"\" style=\"text-align: justify;\" data-start=\"473\" data-end=\"527\">\n<p class=\"\" data-start=\"475\" data-end=\"527\">Di\u011fer mesleki kurulu\u015flar ve kurumlarla i\u015f birli\u011fi,<\/p>\n<\/li>\n<li class=\"\" data-start=\"528\" data-end=\"573\">\n<p class=\"\" style=\"text-align: justify;\" data-start=\"530\" data-end=\"573\">Derne\u011fimizin gelecekteki faaliyet planlar\u0131.<\/p>\n<\/li>\n<\/ul>\n<p>[\/vc_column_text][\/vc_column][\/vc_row][vc_row][vc_column][vc_separator border_width=&#8221;5&#8243;][\/vc_column][\/vc_row]<\/p>\n<\/section>","protected":false},"excerpt":{"rendered":"<p>[vc_row][vc_column width=&#8221;1\/2&#8243;][vc_video link=&#8221;https:\/\/youtu.be\/kigwt7_25_8?si=d3SB8Mu2tCoM0q4G&#8221; align=&#8221;center&#8221; title=&#8221;28.09.2023.&#8221;][vc_empty_space][vc_empty_space][\/vc_column][vc_column width=&#8221;1\/2&#8243;][vc_empty_space][vc_empty_space height=&#8221;22px&#8221;][vc_column_text] Prof. Dr. Slavko Rako\u010devi\u0107, Karada\u011f De\u011ferleme Uzmanlar\u0131 ve Adli Bilirki\u015filer Odas\u0131 (KPSVCG) Y\u00f6netim Kurulu Ba\u015fkan\u0131, 25.09.2023 tarihinde RTV Nik\u0161i\u0107 sabah program\u0131na konuk oldu. Ele al\u0131nan konular \u015funlard\u0131: Karada\u011f De\u011ferleme Uzmanlar\u0131 ve Adli Bilirki\u015filer Odas\u0131\u2019n\u0131n maddi ve maddi olmayan varl\u0131klar\u0131n de\u011ferleme uzmanlar\u0131n\u0131n e\u011fitimi ve sertifikasyonu konusundaki faaliyetleri, IVSC Uluslararas\u0131&hellip;<\/p>\n","protected":false},"author":11,"featured_media":0,"parent":0,"menu_order":0,"comment_status":"closed","ping_status":"closed","template":"","meta":[],"_links":{"self":[{"href":"https:\/\/procjenitelji.me\/tr\/wp-json\/wp\/v2\/pages\/5660"}],"collection":[{"href":"https:\/\/procjenitelji.me\/tr\/wp-json\/wp\/v2\/pages"}],"about":[{"href":"https:\/\/procjenitelji.me\/tr\/wp-json\/wp\/v2\/types\/page"}],"author":[{"embeddable":true,"href":"https:\/\/procjenitelji.me\/tr\/wp-json\/wp\/v2\/users\/11"}],"replies":[{"embeddable":true,"href":"https:\/\/procjenitelji.me\/tr\/wp-json\/wp\/v2\/comments?post=5660"}],"version-history":[{"count":2,"href":"https:\/\/procjenitelji.me\/tr\/wp-json\/wp\/v2\/pages\/5660\/revisions"}],"predecessor-version":[{"id":7843,"href":"https:\/\/procjenitelji.me\/tr\/wp-json\/wp\/v2\/pages\/5660\/revisions\/7843"}],"wp:attachment":[{"href":"https:\/\/procjenitelji.me\/tr\/wp-json\/wp\/v2\/media?parent=5660"}],"curies":[{"name":"wp","href":"https:\/\/api.w.org\/{rel}","templated":true}]}}

Hakkımızda diğerleri

<section class="wpb-content-wrapper"><p>[vc_row][vc_column width=&#8221;1/2&#8243;][vc_video link=&#8221;https://youtu.be/kigwt7_25_8?si=d3SB8Mu2tCoM0q4G&#8221; align=&#8221;center&#8221; title=&#8221;28.09.2023.&#8221;][vc_empty_space][vc_empty_space][/vc_column][vc_column width=&#8221;1/2&#8243;][vc_empty_space][vc_empty_space height=&#8221;22px&#8221;][vc_column_text]</p>
<p class="" style="text-align: justify;" data-start="0" data-end="178">Prof. Dr. Slavko Rakočević, Karadağ Değerleme Uzmanları ve Adli Bilirkişiler Odası (KPSVCG) Yönetim Kurulu Başkanı, 25.09.2023 tarihinde RTV Nikšić sabah programına konuk oldu.</p>
<p class="" style="text-align: justify;" data-start="180" data-end="210">Ele alınan konular şunlardı:</p>
<ul data-start="212" data-end="573" data-is-last-node="" data-is-only-node="">
<li class="" style="text-align: justify;" data-start="212" data-end="384">
<p class="" data-start="214" data-end="384">Karadağ Değerleme Uzmanları ve Adli Bilirkişiler Odası’nın maddi ve maddi olmayan varlıkların değerleme uzmanlarının eğitimi ve sertifikasyonu konusundaki faaliyetleri,</p>
</li>
<li class="" style="text-align: justify;" data-start="385" data-end="442">
<p class="" data-start="387" data-end="442">IVSC Uluslararası Değerleme Standartlarının çevirisi,</p>
</li>
<li class="" style="text-align: justify;" data-start="443" data-end="472">
<p class="" data-start="445" data-end="472">Üyelerin sürekli eğitimi,</p>
</li>
<li class="" style="text-align: justify;" data-start="473" data-end="527">
<p class="" data-start="475" data-end="527">Diğer mesleki kuruluşlar ve kurumlarla iş birliği,</p>
</li>
<li class="" data-start="528" data-end="573">
<p class="" style="text-align: justify;" data-start="530" data-end="573">Derneğimizin gelecekteki faaliyet planları.</p>
</li>
</ul>
<p>[/vc_column_text][/vc_column][/vc_row][vc_row][vc_column][vc_separator border_width=&#8221;5&#8243;][/vc_column][/vc_row]</p>
</section>

<p>[vc_row][vc_column width=&#8221;1/2&#8243;][vc_video link=&#8221;https://youtu.be/kigwt7_25_8?si=d3SB8Mu2tCoM0q4G&#8221; align=&#8221;center&#8221; title=&#8221;28.09.2023.&#8221;][vc_empty_space][vc_empty_space][/vc_column][vc_column width=&#8221;1/2&#8243;][vc_empty_space][vc_empty_space height=&#8221;22px&#8221;][vc_column_text] Prof. Dr. Slavko Rakočević, Karadağ Değerleme Uzmanları ve Adli Bilirkişiler Odası (KPSVCG) Yönetim Kurulu Başkanı, 25.09.2023 tarihinde RTV Nikšić sabah programına konuk oldu. Ele alınan konular şunlardı: Karadağ Değerleme Uzmanları ve Adli Bilirkişiler Odası’nın maddi ve maddi olmayan varlıkların değerleme uzmanlarının eğitimi ve sertifikasyonu konusundaki faaliyetleri, IVSC Uluslararası&hellip;</p>
